(r) = -2*r**2 - 7*r - 6. Let l be h(-6). Let p = -50 - l. List the prime factors of 78/21 + (-4)/p.
2
Let a(l) = -l**2 - 19*l - 4. What are the prime factors of a(-15)?
2, 7
Let u(c) = -c**2 + 4*c - 3. Let i be u(2). What are the prime factors of ((-4)/(-8))/(i/16)?
2
Let x(k) = -k. Let n be x(3). Let q be ((-6)/(-3) + n)*-35. Suppose -8*y + 3*y = -q. List the prime factors of y.
7
Let t(j) = 3*j**3 + 2*j**2 - 3. Let m be t(4). Suppose 4*k = 115 + m. Suppose 4 = 4*s - k. What are the prime factors of s?
2, 11
Suppose 4*o - 8 = 2*o. Suppose -o*c - 60 = -0*c. What are the prime factors of c*((-7)/(-5) + -2)?
3
Let k(z) = 5*z**3 - z**2 + 3*z - 3. Let o(c) = 14*c**3 - 2*c**2 + 10*c - 9. Let j(s) = -17*k(s) + 6*o(s). Let w = 4 + 2. What are the prime factors of j(w)?
3, 5
Suppose 227 = 5*l + 67. What are the prime factors of l?
2
Suppose -2*u = 6*u - 600. List the prime factors of u.
3, 5
Let w be 4/(-10) - 13/5. Let a(j) = j + 3. Let x be a(w). Suppose 3*t + 0*t - 15 = x. List the prime factors of t.
5
Let f = -2 - 9. Let o(k) = -k**2 - 14*k + 8. List the prime factors of o(f).
41
Suppose 13 = 4*k + 5*t - 11, -5*k = -4*t + 11. Suppose k = 2*w + 7, 2*j + 4*w = 16. What are the prime factors of j?
2, 7
Let p(n) = -n - 3. Let k be p(-5). Let j be (120/(-16))/(2/(-4)). Suppose -b - 5*q = -2*b - j, -2*b + 30 = k*q. List the prime factors of b.
2, 5
Suppose -25 = 3*f - 4. Let i = f - -9. List the prime factors of (-112)/20*(-5)/i.
2, 7
What are the prime factors of (-245)/(-4) + 8/(-32)?
61
Let x(a) = 7*a + 4*a**2 - 1 - 19*a**3 - 7*a - 2*a**2. What are the prime factors of x(-1)?
2, 5
Let b(y) = y**2 + y - 1. Let z be b(2). Suppose -z*s = t - 3*t - 37, -40 = -4*s - t. What are the prime factors of s?
3
Let r = 1 - 1. Suppose 0 = 3*j + l + 2, r*l + 2*l + 3 = -5*j. Let o = j - -13. List the prime factors of o.
2, 3
Suppose -b + 0*b - 4 = 0. Let t be (1/(-2))/(2/b). What are the prime factors of t*15 + -5 + 3?
13
Let y(s) = s + 9. Let c be 122/(-18) + (-6)/27. Let g be y(c). Suppose 0 = -3*l + g*l + 7. What are the prime factors of l?
7
Suppose 4429 = 10*v + 949. What are the prime factors of v?
2, 3, 29
Let m be -1 + 1/1 - 2. Let r = m + 21. List the prime factors of r.
19
Let a be 2/(-7) + 373/7. Let o = a + -23. List the prime factors of o.
2, 3, 5
Suppose -23 = -4*v + 29. List the prime factors of v.
13
Let k(v) = v**3 + 3*v**2 + v - 2. Let b be k(-2). Suppose a + 0*a = -4*x + 12, b = x - 2*a + 6. List the prime factors of x.
2
Let h(x) = 6*x**3 - 2*x**2 + x + 1. Let s be h(2). Suppose 5 = 3*d - s. What are the prime factors of d?
2
Suppose 4*h - 2*q - 18 = 0, h + 3*h - q = 17. Suppose 0 = -4*k + 2*i + 32, 5*i = -8*k + 3*k + 40. Let r = k + h. List the prime factors of r.
2, 3
Let k(q) = 5*q - 1. Let u be k(2). Let b(t) = 3*t**2 + 2*t - 1. Let o be b(-2). Let g = u - o. List the prime factors of g.
2
Let z = -16 - -29. What are the prime factors of z?
13
Let x(i) = i**3 - 8*i**2 + 10*i - 9. Suppose 2*h + 2*h = 28. What are the prime factors of x(h)?
2, 3
Suppose -2*i = -5*h + 33 + 56, 0 = 2*h - 2*i - 32. List the prime factors of h.
19
Let w = -5 - -6. Let s = w + 1. Suppose h + j - 18 = -s*j, -3*j + 30 = 2*h. What are the prime factors of h?
2, 3
Let s be (-18)/(2 + 0) - 2. Suppose -4*b = -5*u + 12 + 56, 3*u = -5*b - 122. Let y = s - b. List the prime factors of y.
11
Let a(n) = n**3 - 12*n**2 + 21*n + 8. What are the prime factors of a(11)?
2, 59
Suppose -172 = 17*g - 21*g. What are the prime factors of g?
43
What are the prime factors of 3/(4/(528/4))?
3, 11
List the prime factors of 2/(-8) + 138/8.
17
Suppose 0*o = -2*i - o, -i = 3*o. Suppose -u + 5*u = i. Suppose u = 5*g - 2*q - 2*q - 39, -3 = -g + 2*q. List the prime factors of g.
11
Let p(s) = -s**3 - 2*s**2. Let o be p(-2). Suppose o = -5*z + 57 - 2. List the prime factors of z/(-1*(1 - 2)).
11
Let s = -36 + 94. Suppose 2*d = 2*r - s, -6*r + 3*r = 4*d - 94. What are the prime factors of r?
2, 3, 5
Let n = -23 + 35. List the prime factors of n.
2, 3
What are the prime factors of (-804)/(-12) + (-8)/2?
3, 7
Let w = -14 + 16. List the prime factors of -45*(0 - w/5).
2, 3
Suppose -26 - 119 = -p - k, 3*p - 400 = 4*k. List the prime factors of p.
2, 5, 7
Let k be (-6)/33 - (-449)/(-11). Let i(h) = 22*h**3 - h**2. Let d be i(-1). Let z = d - k. What are the prime factors of z?
2, 3
Let a be 1*(1/1 + -8). Let c = 61 - 42. Let v = c + a. What are the prime factors of v?
2, 3
Let k = -39 - -59. Suppose k = -0*b + 4*b. Suppose -b*a + 6*a - 4 = 0. What are the prime factors of a?
2
Suppose -3*w + 605 = -t + 2*t, 5*w + 4*t - 1020 = 0. What are the prime factors of w?
2, 5
Suppose 3*k - 212 = -8. What are the prime factors of k?
2, 17
Suppose j - 3*j + 14 = 0. Let l = j - 2. What are the prime factors of l?
5
Suppose -49 = -4*q - 5*s, -3*s = -3*q + s - 2. Let p(v) = -q*v**2 - 2*v**3 + 0*v**3 - 2*v + v**3 + 0*v - 1. What are the prime factors of p(-6)?
11
Let y(p) = 4*p. Let x be y(-1). What are the prime factors of (x/3)/((-4)/6)?
2
Suppose 4*u - 2*c + 5*c = -49, 0 = -3*u + 4*c - 18. What are the prime factors of 5/u*(-32 + 2)?
3, 5
Let t = -68 + 110. Suppose -b = -3*b + t. What are the prime factors of b?
3, 7
Let g = 7 + -16. Let u = 40 + -20. Let m = g + u. List the prime factors of m.
11
Let v(p) be the third derivative of p**5/60 + 3*p**4/8 + p**3/3 + p**2. Let o = 10 - 20. List the prime factors of v(o).
2, 3
Let y(k) = -8*k - 11*k + 7*k. Let l be y(-1). Suppose -z + l = -0*z. List the prime factors of z.
2, 3
Let q = 424 - 290. What are the prime factors of q?
2, 67
Let g be 9 + 4/(2 + -4). Suppose 34 = 3*x + g. What are the prime factors of x?
3
Let s be (-220)/(-50) - 2/5. Suppose 5*p - s*v - 132 + 57 = 0, 0 = 2*p + v - 17. List the prime factors of p.
11
Let b be (-105)/(-10)*2/(-3). Let x = b + 8. What are the prime factors of (x/(-1))/((-6)/96)?
2
List the prime factors of (9 - 5)*(3 - (-510)/8).
3, 89
Let w be (-2)/(-4) - (-111)/2. Let l be 4/(-6) - w/(-21). Suppose -l + 18 = 4*h. What are the prime factors of h?
2
Let h(j) = 4*j. Let r(c) = 9*c. Let o(a) = -5*h(a) + 3*r(a). What are the prime factors of o(1)?
7
Suppose 5*p - 2*d - 20 = -3, -p + 3*d = -6. Suppose x = 15 - p. Suppose n - x = -n. List the prime factors of n.
2, 3
Suppose 4*p - 109 = 3*s, -2*s - 2 = 4. Suppose -2*r + p = -2*c - 3, -3*c = 5*r - 86. List the prime factors of r.
2
Let k be -2*1 - (-1 - -2). Let a = k - -5. Suppose 8 = -a*b + 24. List the prime factors of b.
2
Let o(h) = h**3 + 7*h**2 + 5*h - 2. Let j be o(-6). Suppose -11 = -j*a + 3*a. Let i = -8 + a. List the prime factors of i.
3
Suppose 2*t + 3*t + 5*a = 50, 34 = 5*t + a. Let x(j) = -t + 4*j + 1 - 2*j - 4. List the prime factors of x(6).
3
Suppose 3*r - 2*j - 299 = 0, 0 = 2*r - 0*j - 2*j - 196. List the prime factors of r.
103
Suppose a = 8 + 8. List the prime factors of a.
2
Suppose -2*g - 4*w + 8 = 0, g = 3*w + w - 2. Let a(i) = 0 - 2 + g + i. List the prime factors of a(8).
2
Suppose -4*s = 4*f - 136, 140 = 5*s + 4*f - 30. Suppose -q + 3*q - z - s = 0, 5*z + 74 = 4*q. What are the prime factors of q?
2
Suppose -3*t + 171 = 2*g, -4*g + g + 254 = 5*t. What are the prime factors of g?
3, 31
Let c(a) = -2*a**2 - 2*a**2 + 5 + 3*a + 5*a**2. Let g be 2*(-2 + 1 - 1). List the prime factors of c(g).
3
Suppose -5*v = -5*r + 85, 4*r = -v + 6*v + 68. Let k = r + -24. What are the prime factors of 14/2*(-6)/k?
2, 3
Let t be (-2)/12 - (-3155)/30. What are the prime factors of 63*-5*(-18)/t?
2, 3
What are the prime factors of ((-105)/(-12))/(-7)*-4?
5
Suppose 420 = -7*r + 1134. List the prime factors of r.
2, 3, 17
Let b(s) = 168*s - 4. Let q be b(5). List the prime factors of q/36 + 4/(-18).
23
Suppose 8*q = 4*q - 24. Let v = q - -21. What are the prime factors of v?
3, 5
Let v = 108 - -69. What are the prime factors of v?
3, 59
Let k(l) = 9*l**2 + l + 1. What are the prime factors of k(-2)?
5, 7
Let o be 14/(-21) + 19/(-3). Let r(m) = -m + 5. List the prime factors of r(o).
2, 3
What are the prime factors of (-1)/(5/10) - -7?
5
Let w(y) = -8*y + 6. What are the prime factors of w(-11)?
2, 47
What are the prime factors of (-3*4/(-5))/(9/720)?
2, 3
Suppose 0 = -4*v - v - 3*d + 413, -d = -4*v + 327. What are the prime factors of v?
2, 41
Let m(y) = -y + 5. Let n be m(4). L